y. What are the prime factors of y?
2, 3
Let t = 14 - 12. Suppose 3*s - 3*r - 16 = t, -13 = 2*s + 3*r. Suppose m - 5 = -s. What are the prime factors of m?
2
Suppose 2*p - 2*d = 5*p - 100, 0 = d + 1. Suppose 0 = -3*f + 5*y + 110, 2*f = f + y + p. What are the prime factors of 12*(f/(-4))/(-5)?
2, 3
Let s(m) = 6 + 7 - 5*m**2 - 5*m + 3*m + 0*m + m**3. List the prime factors of s(6).
37
Let p(k) = k - 26. Let y be p(-11). Let j = y + 114. What are the prime factors of j?
7, 11
Let n(o) = -600 + 1211 + 7*o - 615 + 2*o**2. Let s = -8 - 0. What are the prime factors of n(s)?
2, 17
Let t(u) be the second derivative of u**4/12 + 2*u**3/3 + 4*u**2 - 4*u + 2. Suppose -3*r - 1 - 20 = 0. List the prime factors of t(r).
29
Suppose 3 + 29 = 4*h. Let s = h - 2. Suppose -w + 23 = s. List the prime factors of w.
17
Let d(k) = 2*k**2 + k - 6. Let i be d(3). Suppose q - 6*q = -i. Suppose q*w = w + 22. What are the prime factors of w?
11
Let d = -3425 - -5351. List the prime factors of d.
2, 3, 107
Let s(t) = -t**2 + 9*t - 6. Let q be s(7). Let h = 6 - q. Let y(v) = 8*v**2 - 3. What are the prime factors of y(h)?
29
Let l = 601 + -233. List the prime factors of l.
2, 23
Let a(n) = 39*n**2 + 63*n + 364. List the prime factors of a(-7).
2, 7, 131
Let x be (-875)/(-21) + (-1)/(-3). What are the prime factors of x*1*(-28)/(-12 - -5)?
2, 3, 7
Suppose -4*z + 545 = z. Suppose -71 = -4*p + z. Suppose 15*j - p = 14*j. List the prime factors of j.
3, 5
Let s(a) = -52*a + 5. Let p be s(5). Let f = p - -370. Suppose -6*j + f = -j. What are the prime factors of j?
23
Let a(t) = t**2 + 15*t + 8. Let p be a(-14). Let m(j) = j**3 + 8*j**2 - 12*j + 6. What are the prime factors of m(p)?
2, 3, 5
Let w(q) = -11*q - 1. Let t be w(-4). Suppose t = -7*i + 239. List the prime factors of i.
2, 7
Let g(i) = i**2 - 3*i + 4. Let o be g(3). Suppose 0*r = -o*r. Suppose r = -3*v + 19 + 110. What are the prime factors of v?
43
Suppose 51*h = 55*h - 252. Suppose 2*j + h = -2*o + 3*o, -o - 2*j + 67 = 0. What are the prime factors of o?
5, 13
Let v = 12 + -3. Suppose -v = -3*s - 0. Suppose s*a + 2*a = 50. List the prime factors of a.
2, 5
Suppose 81*c - 51018 = 48*c. List the prime factors of c.
2, 773
Suppose 338 = 6*z - 232. What are the prime factors of z?
5, 19
Let w(d) be the second derivative of -d**5/20 + 5*d**4/6 - 7*d**2/2 + 7*d. Let u be w(10). Let j(a) = -9*a + 3. What are the prime factors of j(u)?
2, 3, 11
Let c be 8/(-6)*(-21)/14. Suppose -38 = -5*t + c*u, -t + 3*u = -0*t - 18. Suppose 121 = t*q - 329. List the prime factors of q.
3, 5
Let f = 5140 + -3547. What are the prime factors of f?
3, 59
Let p(o) = -o**3 + 17*o**2 - 16*o - 17. List the prime factors of p(15).
193
Let l be ((-63)/15 - -3)/((-6)/40). Suppose l*c - c = 973. List the prime factors of c.
139
Let b be 21/3 + 8/(-4). Suppose -a - b*m - 7 = 0, -2*a + 2 = -2*m - 8. Suppose -2*w + 3*p = -67, 6*w - 4*p - 100 = a*w. What are the prime factors of w?
2
Let s(a) = 49*a - 36. List the prime factors of s(17).
797
Suppose 2*z - 20 + 24 = 0. Let o(x) = -52*x - 10. What are the prime factors of o(z)?
2, 47
Let a be 8/14 - (-1393)/49. Suppose 0*o = -3*o + 5*g + a, 0 = o + g + 1. Suppose 2*z - o*z = -31. List the prime factors of z.
31
Let n = 2 + 1. Suppose 0 = 4*x - 3*v - 71, n*v + 95 = 5*x - 2*v. What are the prime factors of x?
2, 7
List the prime factors of ((-7)/((-35)/(-2330)))/((-1)/4).
2, 233
Let l(c) = -c - 18. Let p(h) = h + 17. Let w(z) = -5*l(z) - 6*p(z). What are the prime factors of w(-19)?
7
Let l(u) = 67*u - 23. List the prime factors of l(17).
2, 3, 31
Let x(c) = 4*c**2 - 10*c + 15. Let f be x(6). Suppose -2*m + f = m. Suppose m = 2*a - 7. What are the prime factors of a?
2, 5
Let f(b) = 9*b - 10. Suppose -v + 9 = -r, -4*v - 3*r = -5*r - 34. What are the prime factors of f(v)?
2, 31
Let b(g) = 2*g + 11. Let v be b(-8). Let m = v + 37. Suppose 108 = 2*i + m. What are the prime factors of i?
2, 19
Suppose 10 + 14 = 4*a. Let j(l) = l**2 - 6*l + 2. Let g be j(a). Suppose g*w + 54 = 2*n, n - 22 = -w + 5. What are the prime factors of n?
3
Let c(y) = -6*y**3 + y**2 + 2*y + 1. Let n be c(-1). Let h(m) = -2*m**2 + m + 1. Let u be h(-2). What are the prime factors of 324/u*n/(-8)?
3
Let b(r) = 4*r + 1. Let q be b(1). What are the prime factors of 203/q + (-46)/(-115)?
41
Let j be -1 + 0 + (-416)/(-4). Let w = 155 - j. What are the prime factors of w?
2, 13
Let a(r) = r**3 + 7*r**2 + 2*r - 2. Let j be a(-7). Let u = -2 - j. What are the prime factors of ((-8)/u)/(4/(-14))?
2
Let s(w) = w**2 - w + 3. Let o be s(0). Suppose o*k = -k - 1256. List the prime factors of k/(-6) + (-2)/(-3).
53
Let h = -11 + 14. Suppose 150 + 51 = h*y. What are the prime factors of y?
67
Let m(d) = 4*d - 1. Let v be m(1). Let i be 1163/v - 4/(-12). Suppose 0 = -5*k - j + i - 124, 2*j = 3*k - 148. List the prime factors of k.
2, 13
Suppose t - 2 = 14. Let n = t - 34. Let r = -7 - n. What are the prime factors of r?
11
Let w(m) = 31*m - 45. What are the prime factors of w(7)?
2, 43
Let j be 5/2 - (-1)/(-2). Let f(m) = m**2 - 2. Let x be f(j). What are the prime factors of ((-46)/(-4))/(x/4)?
23
Let n = 569 + -256. Let r = n + -180. What are the prime factors of r?
7, 19
Let v(r) = r**2 - 5*r + 3. Let d be v(5). Let h be 1*(-1)/d*-3. What are the prime factors of (4 - 0) + 14/h?
2, 3
Let m(o) = 4*o**2 - 12*o - 17. What are the prime factors of m(6)?
5, 11
Suppose 4*s + 108 = -7*i + 3*i, -2*i - 72 = -4*s. Suppose 0*t - 8 = t. Let n = t - i. What are the prime factors of n?
2, 11
Let o = 532 + -307. Suppose 9*r - o = 4*r. What are the prime factors of r?
3, 5
Let l(w) = 2 + 67*w**2 - 1 + 16*w - 10*w - 5*w. What are the prime factors of l(1)?
3, 23
Let q(n) = n + 14. Let g be q(-8). Suppose 4*k - g*k = -10. Suppose k*l + 0*l = 20. What are the prime factors of l?
2
What are the prime factors of (-5 - 14/(-4))*(-8330)/15?
7, 17
Let z(v) = -2*v**2 + 26*v + 4. Let h(c) = c**2 - 4*c - 9. Let y be h(-3). List the prime factors of z(y).
2, 7
Suppose -7463 = -17*u - 0*u. List the prime factors of u.
439
Suppose -s + 9208 = 3*i, 5*i + s - 5341 = 10003. List the prime factors of i.
2, 13, 59
Suppose 60*h + 2896 = 76*h. What are the prime factors of h?
181
Suppose 0 = 5*m + 2*u - 521, m - 2*u = -m + 214. What are the prime factors of m?
3, 5, 7
Let c = -64 - -115. Suppose t + c = -2*t. Let l = t - -31. What are the prime factors of l?
2, 7
Let s(m) = 4*m**2 - m - 16. What are the prime factors of s(-7)?
11, 17
Let f(y) = 10*y + 10 - 9 - 56*y. Let t be f(-1). Suppose -2*q = 3*d - 217, 2*d - 2*q = 195 - t. List the prime factors of d.
73
Let r = -1375 - -2980. What are the prime factors of r?
3, 5, 107
Suppose -4*y + 4*i + 120 = 0, 0*i + 86 = 3*y - 2*i. Suppose -y = -3*n + 109. What are the prime factors of n?
3, 5
Let c = -8 - -13. Suppose 5*s - 2*v = 19, -2 - 3 = -c*s - 5*v. Suppose -4*p + u = -140, 3*p - s*u - 36 = 69. List the prime factors of p.
5, 7
List the prime factors of (-9)/(-81) - -27395*3/27.
2, 761
Suppose -29*s + 11322 = -20*s. What are the prime factors of s?
2, 17, 37
Suppose -19*z + 900 = -17*z. What are the prime factors of z?
2, 3, 5
Let v be (2 - 8)/(3 + -4). Suppose s + 935 = v*s. Let z = s + -127. What are the prime factors of z?
2, 3, 5
Suppose 2*t - 260 = -x, 3*x + 128 - 923 = -3*t. Suppose 3*c = -3*m + x, -3*c = m - 6*c - 82. What are the prime factors of m?
2, 11
Let k(f) = -f**2 - 7*f - 20. Let x be k(-8). Let w = 90 + x. List the prime factors of w.
2, 31
Let f = 32 - 44. Let m be -1 - -299 - f/(-3). Suppose -m = -6*j + 108. List the prime factors of j.
67
Let l = 2066 + -1309. List the prime factors of l.
757
Let a(x) = x**2 + 5*x - 6. Let l = 14 + -11. Let p be -4 + -7 + l + 1. What are the prime factors of a(p)?
2
Let m(k) = 23*k**2 + 1. Suppose 10 + 2 = 4*l, -4*t + 8 = 4*l. What are the prime factors of m(t)?
2, 3
Let s be 15/(-3) - (-4 - 0). Let n(q) = 16*q**2 + 3*q + 2. List the prime factors of n(s).
3, 5
Let y = 2274 - 1316. What are the prime factors of y?
2, 479
Suppose -115*b + 3111 = -54*b. List the prime factors of b.
3, 17
Let h be ((-12)/15)/(4/(-90)). Suppose -3*x + 4*x - h = 0. Suppose 0 = -17*t + x*t - 47. What are the prime factors of t?
47
Suppose -3*v - 5*x = -38, 3*x - x = 3*v - 52. Suppose -v*t = -4*t - 176